46. What is the hundreds digit of i?
1
Let j(q) = -4*q - 12 - 8*q + 11. What is the units digit of j(-1)?
1
Let n be 1*((4 - -1 - 2) + -97). Let x = n + 141. What is the tens digit of x?
4
Suppose -2*d = -x - 11, -3*d = 5*x - 3*x - 6. Suppose d*f - 3*f = -14. Let b = 18 + f. What is the units digit of b?
4
Suppose 28 + 0 = -4*o. Let i(c) = -4*c**2 - 27*c + 5*c**2 - 1 + 31*c + 3. What is the tens digit of i(o)?
2
Suppose -5*c = 5*s + 10, c + 3 = -s - c. Let a(z) = 41*z**2. What is the tens digit of a(s)?
4
Let d be (3 - (-1 - 0)) + -2. What is the units digit of (1/d)/(21/(-22) + 1)?
1
Let a = 123 + -106. Suppose -a*o + 1525 = -12*o. What is the hundreds digit of o?
3
Suppose 5*s - 370 = 180. Let m = s - 78. What is the tens digit of m?
3
Let z be (-194 - 2)/(6 - 8). Let h = -45 + z. What is the tens digit of h?
5
Suppose -f + 3*f = 8. Suppose -2*y + 2*u - 3*u + 177 = 0, f*u - 263 = -3*y. What is the units digit of y?
9
Let q(l) = 14*l**2 - 4*l + 2. Let m = 29 + -27. What is the tens digit of q(m)?
5
Let s(h) = 18*h**2 + 738*h - h**3 + 1 - 749*h - 6. What is the units digit of s(17)?
7
Let q = -29 + 32. Suppose 2*r = -o + 34, -r = -3*r - q*o + 26. What is the units digit of r?
9
What is the hundreds digit of (3/6)/(-4*(-5)/14560)?
3
Suppose 0 = 8*x - 12*x + 1016. Suppose -5*g + 136 = -x. What is the units digit of g?
8
Let s = 1857 - 563. What is the units digit of s?
4
Suppose 12*h = 2792 - 704. What is the units digit of h?
4
Let l = -41 + 41. Suppose y - 44 + 3 = l. What is the tens digit of y?
4
Let s = -361 + 716. What is the hundreds digit of s?
3
Suppose 19*s = 24*s - 10. Suppose -2*q - 33 - 17 = -4*l, -q = s*l - 19. What is the units digit of l?
1
Let f(r) = 12*r + 4. Let c be f(8). Suppose c - 331 = -7*s. Let i = 65 - s. What is the units digit of i?
2
Suppose 3*d - 611 = 313. What is the tens digit of d?
0
Suppose -6*j = -10*j - 48. What is the units digit of (j/6)/(2/(-87))?
7
Let r(l) = -l**2 - 3*l - 2. Let n be r(-3). Suppose 0 = -p - 36 + 44. Let w = p - n. What is the tens digit of w?
1
Suppose 24*k - 1774 = 22*k. What is the hundreds digit of k?
8
Let p(f) = f**3 + 8*f**2 - 1. Suppose 4*j + 52 = 20. Let b be p(j). What is the units digit of (18/(-15))/(b/5)?
6
Let y(x) = 2*x**2 + 6*x + 6. Let h be y(-2). What is the units digit of (h + 5)/(1/11) - -2?
9
Let s = -936 + 2670. What is the tens digit of s?
3
Suppose -15 = 3*m - 6*m. Suppose -2*f + 435 = -m*d, 6*f - 1135 = f + 3*d. What is the hundreds digit of f?
2
Let y be ((-2)/8*-2*0)/3. Suppose -4*s - i = -2*i - 55, -5*s + 2*i + 68 = y. What is the tens digit of s?
1
Suppose -m - 2*s - 2966 = -2*m, 5*s + 14835 = 5*m. What is the tens digit of m?
6
Suppose -l + 53 = -23. Suppose 16 - l = -4*i. What is the tens digit of i?
1
Let j(x) = -x + 11. Let h be j(6). Suppose -5*t = -n - 3 - h, -2 = 2*t - 3*n. Suppose -t*f = 6 - 32. What is the tens digit of f?
1
What is the hundreds digit of (-84)/(-18) - 4 - (-9220)/12?
7
What is the hundreds digit of 444/(-4*3/(-8))?
2
Let l(g) = -g - 4. Let i be l(-7). Suppose 4*y + 430 = i*n, -y - 5 + 1 = 0. What is the tens digit of n?
3
Let z(t) = -29*t**2 - 2*t - 2. Suppose q - 6*q - 4*r - 5 = 0, 0 = 5*q - r + 5. Let x be z(q). Let p = -28 - x. What is the units digit of p?
1
Let q(m) = -m**3 + 9*m**2 - 7*m - 1. Suppose -5*n = -0*n - 5*f + 40, -2*n - 18 = -4*f. Let t(p) = -p + 1. Let x be t(n). What is the units digit of q(x)?
7
Suppose 4*w = -5*i + 9839 + 810, 0 = i - 3*w - 2145. What is the tens digit of i?
3
Let o = -125 - -79. Let p = o - -83. Suppose -d + 0*d - 28 = -2*i, 3*i - p = 4*d. What is the units digit of i?
5
Let z = -38 - -42. Suppose -4*c = 3*s - 149, -z*c - 220 = -5*s - 5*c. What is the tens digit of s?
4
Suppose -4*f - 3*h = -1668, 2*f - 844 = -4*h - 0*h. What is the hundreds digit of f?
4
Let k = 43 + -15. Suppose -10*r + k = -1642. What is the tens digit of r?
6
Suppose 0 = 2*s + 3*s + 80. Let n = -23 - s. Let f = 25 + n. What is the tens digit of f?
1
Let v(t) = t**2 - 2*t + 2. Suppose 11*s + 3 = 12*s. Suppose 3*i + 2*d + 2 = 0, -i - s*d - 7 - 3 = 0. What is the units digit of v(i)?
2
Suppose -5*v - 4*o + 52 = 0, -3*v + v + o = -26. What is the tens digit of v/(-4 + 0) - -69?
6
Let j(v) = 86*v**3 - 4*v**2 - 5*v + 12. What is the units digit of j(3)?
3
Suppose 9*s = 4*s + 135. What is the tens digit of s?
2
Suppose -10*c + 14*c = -96. Let n = c - -26. Suppose 27 = -f + n*f. What is the tens digit of f?
2
Let u(g) = -2*g - 1. Let i(t) = t**2 + 6*t + 5. Let y be i(-5). Let j be u(y). Let d(p) = 15*p**2 - p - 1. What is the units digit of d(j)?
5
Suppose 7*y - 32 = -9*y. Suppose y*u = -43 + 367. What is the hundreds digit of u?
1
Let m = -4 + 124. Suppose -125*w + 895 = -m*w. What is the hundreds digit of w?
1
Let p(u) = -u**3 - 6*u**2 - 5*u + 5. Let n be p(-5). Suppose 68 = n*i - 3*i. Let f = i + -15. What is the units digit of f?
9
What is the tens digit of 8/12*831 - -3?
5
Let x = -129 + 83. Let z = x - -54. What is the units digit of z?
8
Let b(h) = -h**2 - 9*h + 11. Let p be b(-9). Suppose 8 = -p*c + 15*c. Suppose -c*d + 2 = -d. What is the units digit of d?
2
Let c(u) = u**3 + 11*u**2 - 5*u - 79. What is the tens digit of c(-6)?
3
Suppose 0 = -3*h - 3 + 18. Suppose 100 = -h*u - 75. Let c = -32 - u. What is the units digit of c?
3
Suppose 0 = l + 5*y - 2*y - 5, 5*y = 5*l + 75. What is the tens digit of l/(-4)*378/15?
6
Let v(g) = -g**3 + 5*g**2 + g - 5. Let y be v(5). Let u be (2 - (1 + y)) + 31. Suppose 61 = 3*s - 2*j, -4*s = -2*s + 3*j - u. What is the units digit of s?
9
Let m = -1610 + 2359. What is the hundreds digit of m?
7
Suppose -5*t - 4*j = -2010, 3*j - 1203 = -2*t - t. What is the units digit of t?
6
Let n be 2/(2*3/177). Let q = n - 8. Let i = -18 + q. What is the units digit of i?
3
Let u(x) = -x + 3. Let t be u(0). Suppose r + 5*q - 60 = 0, 5*q = -5*r + 3*q + 208. Suppose t*h = h + r. What is the tens digit of h?
2
Suppose 9*b - 180 = -b. What is the hundreds digit of (-30268)/(-207) - 4/b?
1
Suppose -a = 2*a - 12. Suppose -3*b - 3*g = -93, -a*b + 7*g + 124 = 3*g. What is the tens digit of b?
3
Let c be (-5 - -6)/((-1)/14). Let p be (1/(-3))/(8/(-72)). What is the tens digit of 3 - (p*c + 1)?
4
Let s(p) = -p**2 + 6*p - 3. Let b be s(5). Let c = b - 6. Let y = 22 - c. What is the tens digit of y?
2
Let q(z) = 28*z**2 - 18*z - 11. What is the units digit of q(9)?
5
Suppose 9*g - 3420 = -0*g. Suppose 0 = -5*f - 4*q + 621, -4*f = -f - 5*q - g. What is the tens digit of f?
2
Let h(s) = s**3 + 12*s**2 + 6. Let y be h(-12). Suppose 9*n - y = 7*n. Suppose 0 = 5*b - 22 + 2, r - n*b - 11 = 0. What is the tens digit of r?
2
Let t(s) = -s + 3. Let m be (1/(-2)*0)/1. Let p be t(m). Suppose 79 + 52 = p*h - 4*g, 4*g - 163 = -3*h. What is the tens digit of h?
4
Suppose 6*m + 0*m = 288. Suppose 160 = 4*b + m. What is the units digit of b?
8
Let g = 560 + 236. What is the hundreds digit of g?
7
Suppose -4*c + 26 - 5 = r, -3*c + 16 = r. Suppose -4*v + 45 = c. What is the units digit of v?
0
Let i(c) = -8*c**2 - c - 1. Let h be i(-1). Let z be (4 + h)/1 - -79. Let f = -54 + z. What is the tens digit of f?
2
Let j = -8 - -9. Suppose 71 = 2*q - j. What is the units digit of q?
6
Let u(i) be the third derivative of 11*i**5/60 + i**4/12 - i**3/3 + 6*i**2. What is the units digit of u(-2)?
8
Let j(m) = 5*m**3 - 2*m**2 + 5*m + 12. Let f(t) = -9*t**3 + 5*t**2 - 10*t - 23. Let w(h) = 6*f(h) + 11*j(h). Let l = -21 - -13. What is the tens digit of w(l)?
3
Suppose -7*u + 6*u - 3 = 0, -3*u = 3*i - 4128. What is the units digit of i?
9
Suppose -14*q + 8*q = -4920. Suppose 0 = 14*j - 1854 - q. What is the hundreds digit of j?
1
Let n(j) = -j**3 + 5*j**2 - 4*j + 2. Let a be n(4). Suppose -k = d - 3, -5*d = -a*k + 3 + 3. Suppose k*y - y = 2. What is the units digit of y?
1
Suppose 5*u - 1620 = -255. Suppose 377 = 5*h - u. What is the hundreds digit of h?
1
Suppose -90 = -3*c - q, 2*q - 3*q = -c + 30. Suppose -4*s = -s - c. What is the units digit of (-91)/(-3) - s/(-15)?
1
Let t(z) = 4*z + 564. Let x be t(0). Suppose -x = -8*h + 2*h. What is the tens digit of h?
9
Let u = 28 + -29. Let x be (u - -1) + (10 - 8). Suppose -d + x*j + 10 = 0, j + 7 + 40 = 4*d. What is the units digit of d?
2
Let a be ((-12)/(-21))/((-2)/(-7)). Let c(b) = -b**3 - 3*